{"id":529,"date":"2023-10-10T14:24:36","date_gmt":"2023-10-10T12:24:36","guid":{"rendered":"https:\/\/re-loved-fashion.ch\/?page_id=529"},"modified":"2026-02-11T22:07:50","modified_gmt":"2026-02-11T21:07:50","slug":"ueber-uns","status":"publish","type":"page","link":"https:\/\/www.re-loved-fashion.ch\/?page_id=529","title":{"rendered":"\u00dcber uns"},"content":{"rendered":"\n<p class=\"has-text-align-center has-accent-color has-text-color\">&#171;Eine Idee vier Frauen und los geht`s&#187; <\/p>\n\n\n\n<p class=\"has-small-font-size\">Wer sind wir? Vier Frauen welche alle eigene Kinder haben, die nun aus ihren Kleidern hinausgewachsen sind. Was macht man mit all diesen Kleidern? Was macht man mit kaum getragenen Kleidern? Die meisten B\u00f6rsen in der Region gehen nur bis zur Gr\u00f6sse 164. Wohin mit diesen Kleidern ab 170 und gr\u00f6sser? Doch nicht nur Kinder und Jugendliche auch Erwachsene haben so Einiges, was weiterziehen darf. Vielleicht ist die Geldb\u00f6rse ist nicht so Gross und doch h\u00e4tte man gerne etwas Neues (Gebrauchtes) im Kleiderkasten in dem man top aussieht. Der Gedanke oder Wunsch nachhaltig zu sein, kommt immer mehr.<\/p>\n\n\n\n<p class=\"has-small-font-size\">Und da war die Idee geboren.<\/p>\n\n\n\n<p class=\"has-small-font-size\">Die Re-Loved-Fashion!                                                                                              Sie schliesst an die Kinderartikel B\u00f6rse in Pratteln an und wird zum ersten Mal im Jahr 2024 am 24.&amp; 25. Mai stattfinden. In der Hoffnung, dass sie ein voller Erfolg wird und wir f\u00fcr die n\u00e4chsten Jahre weiter bestehen k\u00f6nnen.<\/p>\n\n\n\n<p class=\"has-small-font-size\">Wer darf dabei sein? Nat\u00fcrlich alle. Auch die Herren und die ganz besonders!<\/p>\n\n\n\n<p class=\"has-small-font-size\">Kleider, Schuhe, Accessoires, Taschen und Rucks\u00e4cke d\u00fcrfen abgegeben werden. Angeschrieben wird \u00fcber die basarlino-App.<\/p>\n\n\n\n<p class=\"has-small-font-size\">Es wird alles in einem kleineren Rahmen als bei der Kinderartikel B\u00f6rse stattfinden und daf\u00fcr mit einem Bar Betrieb und etwas gem\u00fctlicher Musik.<\/p>\n\n\n\n<p class=\"has-small-font-size\">Stephanie, Daniela, Marianne und Rebekka nehmen f\u00fcr euch alles in die Hand und probieren einen tollen neuen Event auf die Beine zu stellen.<\/p>\n\n\n\n<p class=\"has-small-font-size\">Auch hier wird alles ehrenamtlich durchgef\u00fchrt. Mit viel Engagement und Herzblut sind wir dabei.<\/p>\n\n\n\n<p class=\"has-small-font-size\">Durchgef\u00fchrt wird der Event im Kuspo in Pratteln.<\/p>\n\n\n\n<p class=\"has-small-font-size\">Nun hoffen wir, dass wir alle neugierig gemacht haben. Und freuen uns auf ein volles Haus.<\/p>\n\n\n\n<p class=\"has-small-font-size\">M\u00f6chtet ihr nun sofort loslegen?<\/p>\n\n\n\n<p class=\"has-small-font-size\">Dann meldet euch \u00fcber das <a href=\"http:\/\/www.basarlino.de\">basarlino-App an<\/a>. Dort werdet ihr auch die Helferschichten finden. Denn Helferinnen und Helfer brauchen wir nat\u00fcrlich auch, ohne diese geht nichts. Bei basarlino kommt ihr auf die Seite &#171;Wie funktioniert es?&#187;. Dort ist alles gut beschrieben, wie es f\u00fcr dich weiter geht.<\/p>\n\n\n\n<div class=\"wp-block-buttons is-content-justification-center is-layout-flex wp-container-core-buttons-is-layout-16018d1d wp-block-buttons-is-layout-flex\">\n<div class=\"wp-block-button has-custom-width wp-block-button__width-50\"><a class=\"wp-block-button__link has-accent-background-color has-background wp-element-button\" href=\"https:\/\/re-loved-fashion.ch\/?page_id=41\" style=\"border-radius:100px;text-decoration:underline\">Wie funktioniert es<\/a><\/div>\n<\/div>\n\n\n<div class=\"wp-block-image\">\n<figure class=\"aligncenter size-full is-resized\"><img loading=\"lazy\" decoding=\"async\" width=\"3088\" height=\"2316\" src=\"https:\/\/www.re-loved-fashion.ch\/wp-content\/uploads\/2026\/02\/IMG_20240524_120727.jpeg\" alt=\"\" class=\"wp-image-1091\" style=\"width:289px;height:auto\"\/><\/figure>\n<\/div>\n\n\n<p class=\"has-text-align-center\">Rebekka, Marianne, Daniela und Stephanie<\/p>\n\n\n\n<hr class=\"wp-block-separator has-text-color has-alpha-channel-opacity has-background is-style-default\" style=\"background-color:#180101;color:#180101\"\/>\n\n\n\n<p class=\"has-text-align-center has-text-color has-background has-link-color wp-elements-6354d56919ac6132367bdf5e1aec9292\" style=\"color:#0d0000fc;background:linear-gradient(135deg,rgb(255,203,112) 0%,rgb(199,81,192) 99%,rgb(65,88,208) 100%);font-size:26px;text-decoration:underline\">Zusammenarbeit<\/p>\n\n\n\n<p class=\"has-small-font-size\">Mit viel Stolz und grosser Freude durften wir mit Nadja Ramstein zusammenarbeiten. Es war uns eine grosse Ehre Ihre Fachkenntnisse in Anspruch nehmen zu d\u00fcrfen. Mit Ihren und unseren Ideen entstanden tolle Flyer und Plakate.<\/p>\n\n\n\n<p class=\"has-small-font-size\">Sehr gerne empfehlen wir sie weiter.  <\/p>\n\n\n\n<p class=\"has-small-font-size\">Sie hat schon einige tolle Projekte erarbeitet.                                                                                                                              <\/p>\n\n\n\n<div class=\"wp-block-buttons is-content-justification-center is-layout-flex wp-container-core-buttons-is-layout-16018d1d wp-block-buttons-is-layout-flex\">\n<div class=\"wp-block-button has-custom-width wp-block-button__width-75\"><a class=\"wp-block-button__link has-subtle-background-background-color has-text-color has-background has-link-color wp-element-button\" href=\"https:\/\/nadezhdadesigns.myportfolio.com\/\" style=\"border-radius:100px;color:#80021eed\">Nadja Ramstein<\/a><\/div>\n<\/div>\n\n\n\n<p class=\"has-small-font-size\">Viel Spass und wir freuen uns auf euch.<\/p>\n\n\n\n<p class=\"has-small-font-size\">Euer Ok- Team<\/p>\n","protected":false},"excerpt":{"rendered":"<p>&#171;Eine Idee vier Frauen und los geht`s&#187; Wer sind wir? Vier Frauen welche alle eigene Kinder haben, die nun aus ihren Kleidern hinausgewachsen sind. Was macht man mit all diesen Kleidern? Was macht man mit kaum getragenen Kleidern? Die meisten B\u00f6rsen in der Region gehen nur bis zur Gr\u00f6sse 164. Wohin mit diesen Kleidern ab [&hellip;]<\/p>\n","protected":false},"author":1,"featured_media":0,"parent":0,"menu_order":0,"comment_status":"closed","ping_status":"closed","template":"","meta":{"footnotes":""},"class_list":["post-529","page","type-page","status-publish","hentry"],"aioseo_notices":[],"_links":{"self":[{"href":"https:\/\/www.re-loved-fashion.ch\/index.php?rest_route=\/wp\/v2\/pages\/529","targetHints":{"allow":["GET"]}}],"collection":[{"href":"https:\/\/www.re-loved-fashion.ch\/index.php?rest_route=\/wp\/v2\/pages"}],"about":[{"href":"https:\/\/www.re-loved-fashion.ch\/index.php?rest_route=\/wp\/v2\/types\/page"}],"author":[{"embeddable":true,"href":"https:\/\/www.re-loved-fashion.ch\/index.php?rest_route=\/wp\/v2\/users\/1"}],"replies":[{"embeddable":true,"href":"https:\/\/www.re-loved-fashion.ch\/index.php?rest_route=%2Fwp%2Fv2%2Fcomments&post=529"}],"version-history":[{"count":53,"href":"https:\/\/www.re-loved-fashion.ch\/index.php?rest_route=\/wp\/v2\/pages\/529\/revisions"}],"predecessor-version":[{"id":1092,"href":"https:\/\/www.re-loved-fashion.ch\/index.php?rest_route=\/wp\/v2\/pages\/529\/revisions\/1092"}],"wp:attachment":[{"href":"https:\/\/www.re-loved-fashion.ch\/index.php?rest_route=%2Fwp%2Fv2%2Fmedia&parent=529"}],"curies":[{"name":"wp","href":"https:\/\/api.w.org\/{rel}","templated":true}]}}

Über uns

<p class="has-text-align-center has-accent-color has-text-color">&#171;Eine Idee vier Frauen und los geht`s&#187; </p>



<p class="has-small-font-size">Wer sind wir? Vier Frauen welche alle eigene Kinder haben, die nun aus ihren Kleidern hinausgewachsen sind. Was macht man mit all diesen Kleidern? Was macht man mit kaum getragenen Kleidern? Die meisten Börsen in der Region gehen nur bis zur Grösse 164. Wohin mit diesen Kleidern ab 170 und grösser? Doch nicht nur Kinder und Jugendliche auch Erwachsene haben so Einiges, was weiterziehen darf. Vielleicht ist die Geldbörse ist nicht so Gross und doch hätte man gerne etwas Neues (Gebrauchtes) im Kleiderkasten in dem man top aussieht. Der Gedanke oder Wunsch nachhaltig zu sein, kommt immer mehr.</p>



<p class="has-small-font-size">Und da war die Idee geboren.</p>



<p class="has-small-font-size">Die Re-Loved-Fashion!                                                                                              Sie schliesst an die Kinderartikel Börse in Pratteln an und wird zum ersten Mal im Jahr 2024 am 24.&amp; 25. Mai stattfinden. In der Hoffnung, dass sie ein voller Erfolg wird und wir für die nächsten Jahre weiter bestehen können.</p>



<p class="has-small-font-size">Wer darf dabei sein? Natürlich alle. Auch die Herren und die ganz besonders!</p>



<p class="has-small-font-size">Kleider, Schuhe, Accessoires, Taschen und Rucksäcke dürfen abgegeben werden. Angeschrieben wird über die basarlino-App.</p>



<p class="has-small-font-size">Es wird alles in einem kleineren Rahmen als bei der Kinderartikel Börse stattfinden und dafür mit einem Bar Betrieb und etwas gemütlicher Musik.</p>



<p class="has-small-font-size">Stephanie, Daniela, Marianne und Rebekka nehmen für euch alles in die Hand und probieren einen tollen neuen Event auf die Beine zu stellen.</p>



<p class="has-small-font-size">Auch hier wird alles ehrenamtlich durchgeführt. Mit viel Engagement und Herzblut sind wir dabei.</p>



<p class="has-small-font-size">Durchgeführt wird der Event im Kuspo in Pratteln.</p>



<p class="has-small-font-size">Nun hoffen wir, dass wir alle neugierig gemacht haben. Und freuen uns auf ein volles Haus.</p>



<p class="has-small-font-size">Möchtet ihr nun sofort loslegen?</p>



<p class="has-small-font-size">Dann meldet euch über das <a href="http://www.basarlino.de">basarlino-App an</a>. Dort werdet ihr auch die Helferschichten finden. Denn Helferinnen und Helfer brauchen wir natürlich auch, ohne diese geht nichts. Bei basarlino kommt ihr auf die Seite &#171;Wie funktioniert es?&#187;. Dort ist alles gut beschrieben, wie es für dich weiter geht.</p>



<div class="wp-block-buttons is-content-justification-center is-layout-flex wp-container-core-buttons-is-layout-16018d1d wp-block-buttons-is-layout-flex">
<div class="wp-block-button has-custom-width wp-block-button__width-50"><a class="wp-block-button__link has-accent-background-color has-background wp-element-button" href="https://re-loved-fashion.ch/?page_id=41" style="border-radius:100px;text-decoration:underline">Wie funktioniert es</a></div>
</div>


<div class="wp-block-image">
<figure class="aligncenter size-full is-resized"><img loading="lazy" decoding="async" width="3088" height="2316" src="https://www.re-loved-fashion.ch/wp-content/uploads/2026/02/IMG_20240524_120727.jpeg" alt="" class="wp-image-1091" style="width:289px;height:auto"/></figure>
</div>


<p class="has-text-align-center">Rebekka, Marianne, Daniela und Stephanie</p>



<hr class="wp-block-separator has-text-color has-alpha-channel-opacity has-background is-style-default" style="background-color:#180101;color:#180101"/>



<p class="has-text-align-center has-text-color has-background has-link-color wp-elements-6354d56919ac6132367bdf5e1aec9292" style="color:#0d0000fc;background:linear-gradient(135deg,rgb(255,203,112) 0%,rgb(199,81,192) 99%,rgb(65,88,208) 100%);font-size:26px;text-decoration:underline">Zusammenarbeit</p>



<p class="has-small-font-size">Mit viel Stolz und grosser Freude durften wir mit Nadja Ramstein zusammenarbeiten. Es war uns eine grosse Ehre Ihre Fachkenntnisse in Anspruch nehmen zu dürfen. Mit Ihren und unseren Ideen entstanden tolle Flyer und Plakate.</p>



<p class="has-small-font-size">Sehr gerne empfehlen wir sie weiter.  </p>



<p class="has-small-font-size">Sie hat schon einige tolle Projekte erarbeitet.                                                                                                                              </p>



<div class="wp-block-buttons is-content-justification-center is-layout-flex wp-container-core-buttons-is-layout-16018d1d wp-block-buttons-is-layout-flex">
<div class="wp-block-button has-custom-width wp-block-button__width-75"><a class="wp-block-button__link has-subtle-background-background-color has-text-color has-background has-link-color wp-element-button" href="https://nadezhdadesigns.myportfolio.com/" style="border-radius:100px;color:#80021eed">Nadja Ramstein</a></div>
</div>



<p class="has-small-font-size">Viel Spass und wir freuen uns auf euch.</p>



<p class="has-small-font-size">Euer Ok- Team</p>

<p>&#171;Eine Idee vier Frauen und los geht`s&#187; Wer sind wir? Vier Frauen welche alle eigene Kinder haben, die nun aus ihren Kleidern hinausgewachsen sind. Was macht man mit all diesen Kleidern? Was macht man mit kaum getragenen Kleidern? Die meisten Börsen in der Region gehen nur bis zur Grösse 164. Wohin mit diesen Kleidern ab [&hellip;]</p>
